e remainder when 113673 is divided by 198?
21
Calculate the remainder when 648733 is divided by 1567.
1562
Calculate the remainder when 1380 is divided by 75.
30
Calculate the remainder when 356001 is divided by 396.
393
What is the remainder when 15292 is divided by 7329?
634
Calculate the remainder when 11367 is divided by 11356.
11
What is the remainder when 4961 is divided by 447?
44
What is the remainder when 859728 is divided by 286571?
15
What is the remainder when 647 is divided by 306?
35
Calculate the remainder when 153511 is divided by 714.
1
Calculate the remainder when 25617 is divided by 523.
513
Calculate the remainder when 27953 is divided by 32.
17
What is the remainder when 22019 is divided by 154?
151
What is the remainder when 39336 is divided by 371?
10
Calculate the remainder when 282797 is divided by 56.
53
Calculate the remainder when 15468 is divided by 47.
5
What is the remainder when 180182 is divided by 41?
28
What is the remainder when 141908 is divided by 218?
208
What is the remainder when 25911 is divided by 567?
396
What is the remainder when 2678 is divided by 49?
32
What is the remainder when 37525 is divided by 34?
23
Calculate the remainder when 4483 is divided by 37.
6
What is the remainder when 185307 is divided by 10?
7
What is the remainder when 38700 is divided by 679?
676
What is the remainder when 35651 is divided by 165?
11
What is the remainder when 909 is divided by 116?
97
Calculate the remainder when 15497 is divided by 388.
365
What is the remainder when 4157 is divided by 2039?
79
Calculate the remainder when 154303 is divided by 44.
39
What is the remainder when 1922 is divided by 107?
103
Calculate the remainder when 15291 is divided by 1697.
18
What is the remainder when 8095 is divided by 87?
4
What is the remainder when 523107 is divided by 94?
91
What is the remainder when 4116 is divided by 617?
414
What is the remainder when 2107 is divided by 216?
163
What is the remainder when 4314 is divided by 612?
30
Calculate the remainder when 345695 is divided by 32.
31
What is the remainder when 38626 is divided by 29?
27
What is the remainder when 206 is divided by 69?
68
What is the remainder when 42039 is divided by 42?
39
What is the remainder when 1347 is divided by 1343?
4
Calculate the remainder when 4952 is divided by 88.
24
Calculate the remainder when 4735 is divided by 25.
10
What is the remainder when 9386 is divided by 149?
148
What is the remainder when 38284 is divided by 86?
14
What is the remainder when 7170 is divided by 138?
132
Calculate the remainder when 286184 is divided by 71534.
48
Calculate the remainder when 35099 is divided by 50.
49
What is the remainder when 28715 is divided by 373?
367
What is the remainder when 115 is divided by 50?
15
Calculate the remainder when 190 is divided by 67.
56
Calculate the remainder when 2201 is divided by 571.
488
What is the remainder when 750140 is divided by 187534?
4
What is the remainder when 100825 is divided by 382?
359
Calculate the remainder when 405993 is divided by 406.
399
Calculate the remainder when 11898 is divided by 17.
15
What is the remainder when 9382 is divided by 2?
0
Calculate the remainder when 738 is divided by 733.
5
What is the remainder when 179695 is divided by 599?
594
Calculate the remainder when 11115 is divided by 337.
331
Calculate the remainder when 76844 is divided by 118.
26
What is the remainder when 85522 is divided by 2250?
22
Calculate the remainder when 5930 is divided by 975.
80
What is the remainder when 57419 is divided by 66?
65
Calculate the remainder when 4243 is divided by 45.
13
What is the remainder when 583 is divided by 180?
43
Calculate the remainder when 1496 is divided by 131.
55
Calculate the remainder when 4599 is divided by 1488.
135
What is the remainder when 39404 is divided by 19?
17
What is the remainder when 6216 is divided by 616?
56
Calculate the remainder when 201181 is divided by 50293.
9
Calculate the remainder when 85229 is divided by 42608.
13
What is the remainder when 17886 is divided by 21?
15
What is the remainder when 3531 is divided by 1?
0
Calculate the remainder when 59619 is divided by 523.
520
What is the remainder when 1448 is divided by 157?
35
Calculate the remainder when 119579 is divided by 64.
27
Calculate the remainder when 4123 is divided by 1863.
397
Calculate the remainder when 10181 is divided by 2034.
11
Calculate the remainder when 1103487 is divided by 1864.
1863
What is the remainder when 792541 is divided by 6290?
1
Calculate the remainder when 4157 is divided by 139.
126
What is the remainder when 123571 is divided by 5884?
7
What is the remainder when 4265 is divided by 212?
25
Calculate the remainder when 2461 is divided by 37.
19
What is the remainder when 130199 is divided by 8?
7
Calculate the remainder when 254518 is divided by 707.
705
Calculate the remainder when 9573 is divided by 2392.
5
Calculate the remainder when 620215 is divided by 139.
136
Calculate the remainder when 28957 is divided by 213.
202
What is the remainder when 168232 is divided by 374?
306
Calculate the remainder when 17391 is divided by 139.
16
What is the remainder when 392991 is divided by 60?
51
What is the remainder when 3887 is divided by 770?
37
Calculate the remainder when 353 is divided by 57.
11
Calculate the remainder when 168040 is divided by 836.
4
What is the remainder when 49361 is divided by 151?
135
What is the remainder when 295574 is divided by 4?
2
What is the remainder when 27543 is divided by 35?
33
Calculate the remainder when 923 is divided by 44.
43
What is the remainder when 1514654 is divided by 678?
2
Calculate the remainder when 630444 is divided by 675.
669
What is the remainder when 5605 is divided by 1652?
649
What is the remainder when 66336 is divided by 3900?
36
What is the remainder when 2426152 is divided by 919?
911
What is the remainder when 43431 is divided by 4?
3
What is the remainder when 3213 is divided by 28?
21
Calculate the remainder when 298473 is divided by 99485.
18
What is the remainder when 6526 is divided by 327?
313
Calculate the remainder when 78599 is divided by 136.
127
What is the remainder when 9506 is divided by 181?
94
What is the remainder when 728903 is divided by 104128?
7
What is the remainder when 166842 is divided by 1135?
1132
Calculate the remainder when 553717 is divided by 5.
2
What is the remainder when 57718 is divided by 344?
270
What is the remainder when 30277 is divided by 3?
1
What is the remainder when 9399 is divided by 20?
19
Calculate the remainder when 179 is divided by 115.
64
Calculate the remainder when 19048 is divided by 346.
18
Calculate the remainder when 463463 is divided by 795.
773
Calculate the remainder when 15569 is divided by 53.
40
What is the remainder when 2040 is divided by 571?
327
Calculate the remainder when 10204 is divided by 155.
129
Calculate the remainder when 25618 is divided by 14.
12
Calculate the remainder when 2170 is divided by 699.
73
Calculate the remainder when 6389 is divided by 634.
49
Calculate the remainder when 47833 is divided by 98.
9
Calculate the remainder when 555982 is divided by 572.
570
What is the remainder when 13373 is divided by 1485?
8
What is the remainder when 25128 is divided by 1932?
12
What is the remainder when 3778 is divided by 411?
79
Calculate the remainder when 1002 is divided by 1002.
0
Calculate the remainder when 8392 is divided by 2059.
156
What is the remainder when 37597 is divided by 6239?
163
Calculate the remainder when 256863 is divided by 23.
22
What is the remainder when 1081802 is divided by 886?
882
What is the remainder when 36 is divided by 5?
1
Calculate the remainder when 2251827 is divided by 35.
32
What is the remainder when 64199 is divided by 4580?
79
What is the remainder when 157627 is divided by 906?
889
Calculate the remainder when 56948 is divided by 36.
32
What is the remainder when 10042 is divided by 165?
142
What is the remainder when 261055 is divided by 3576?
7
What is the remainder when 24753 is divided by 1455?
18
What is the remainder when 1170 is divided by 181?
84
Calculate the remainder when 940195 is divided by 139.
138
What is the remainder when 1685596 is divided by 